{"id":1841,"date":"2011-12-27T22:06:53","date_gmt":"2011-12-27T22:06:53","guid":{"rendered":"http:\/\/fischerphotos.com\/?page_id=76"},"modified":"2018-11-05T01:40:58","modified_gmt":"2018-11-05T00:40:58","slug":"vita-gerhard-fischer-2","status":"publish","type":"page","link":"https:\/\/fischerphotos.com\/de\/vita-gerhard-fischer-2\/","title":{"rendered":"Vita"},"content":{"rendered":"<p>[:de]<img loading=\"lazy\" decoding=\"async\" src=\"http:\/\/fischerphotos.com\/wp-content\/uploads\/2018\/02\/gerhardfischer-300x200.jpg\" alt=\"\" width=\"300\" height=\"200\" class=\"aligncenter size-medium wp-image-2273\" srcset=\"https:\/\/fischerphotos.com\/wp-content\/uploads\/2018\/02\/gerhardfischer-300x200.jpg 300w, https:\/\/fischerphotos.com\/wp-content\/uploads\/2018\/02\/gerhardfischer-768x512.jpg 768w, https:\/\/fischerphotos.com\/wp-content\/uploads\/2018\/02\/gerhardfischer-600x400.jpg 600w, https:\/\/fischerphotos.com\/wp-content\/uploads\/2018\/02\/gerhardfischer.jpg 800w\" sizes=\"auto, (max-width: 300px) 100vw, 300px\" \/><\/p>\n<p style=\"text-align: justify;\">Geboren im sch\u00f6nen Oberbayern bin ich nun pensioniert. So kann ich nun meine gro\u00dfe Liebe mehr und mehr der Fotografie widmen, nicht unbedingt der Technik der Fotografie, sondern der Verbindung von fotografischem Ausdruck und Intuition.<\/p>\n<p style=\"text-align: justify;\">Ich bewege mich sehr gerne in den Bergen, an Seen, W\u00e4ldern und Wiesen oder einfach in der Natur. Oft packt mich auch die Reiselust in nahe wie ferne L\u00e4nder, in hei\u00dfe oder auch in sehr kalte Gebiete. Aber immer gilt mein fotografischer Blick dem Moment und dem versteckten, oft nicht gesehenen, oder beachteten Detail, gepaart mit \u00c4sthetik. Dies inspirierte mich, mein Logo als \u201eMomente des Seins\u201c auszudr\u00fccken.<\/p>\n<p style=\"text-align: justify;\">Ein gro\u00dfes Augenmerk gilt der Makroaufnahme in der Naturfotografie. Aber auch Portrait- und Aktfotografie, die das Naturwunder Mensch in seiner vollen \u00c4sthetik und Sch\u00f6nheit darstellen, sind Inhalt meiner Arbeit. Dabei ist mein Anspruch den Menschen im Foto so &#8220;ins Licht zu setzen&#8221;, dass er\/sie sich zum Lieben sch\u00f6n findet. Vielleicht sind Sie neugierig auf sich &#8211; und trauen sich &#8211; &#8230;<\/p>\n<p style=\"text-align: justify;\">Dar\u00fcber hinaus bin ich auf den Spuren meiner Familiengeschichte. So interessiere ich mich einerseits f\u00fcr die Fortf\u00fchrung der Naturwissenschaften und der Schriftstellerei meines Gro\u00dfvaters Hanns Fischer und des Weiteren f\u00fcr den geschichtlichen Hintergrund des Wirkens meines Gro\u00dfvaters Ludwig Gehre. Bei dieser Forschung verbinde ich auch Familiengeschichte mit dem Festhalten im fotografischen Moment, beides ist verg\u00e4nglich im Moment und doch nachhaltig im Sein.<\/p>\n<p>[:en]<\/p>\n<p style=\"text-align: justify;\">Geboren im sch\u00f6nen Oberbayern bin ich seit 2009 pensioniert. So kann ich nun meine gro\u00dfe Liebe mehr und mehr der Fotografie widmen, nicht unbedingt der Technik der Fotografie, sondern der Verbindung von fotografischem Ausdruck und Intuition.<\/p>\n<p style=\"text-align: justify;\">Ich bewege mich sehr gerne in den Bergen, an Seen, W\u00e4ldern und Wiesen oder einfach in der Natur. Oft packt mich auch die Reiselust in nahe wie ferne L\u00e4nder, in hei\u00dfe oder auch in sehr kalte Gebiete. Aber immer gilt mein fotografischer Blick dem Moment und dem versteckten, oft nicht gesehenen, oder beachteten Detail, gepaart mit \u00c4sthetik. Dies inspirierte mich, mein Logo als \u201eMomente des Seins\u201c auszudr\u00fccken.<\/p>\n<p style=\"text-align: justify;\">Ein gro\u00dfes Augenmerk gilt der Makroaufnahme in der Naturfotografie. Aber auch Portrait- und Aktfotografie, die das Naturwunder Mensch in seiner vollen \u00c4sthetik und Sch\u00f6nheit darstellen, sind Inhalt meiner Arbeit. Dabei ist mein Anspruch den Menschen im Foto so &#8220;ins Licht zu setzen&#8221;, dass er\/sie sich zum Lieben sch\u00f6n findet. Vielleicht sind Sie neugierig auf sich &#8211; und trauen sich &#8211; &#8230;<\/p>\n<p style=\"text-align: justify;\">Dar\u00fcber hinaus bin ich auf den Spuren meiner Familiengeschichte. So interessiere ich mich einerseits f\u00fcr die Fortf\u00fchrung der Naturwissenschaften und der Schriftstellerei meines Gro\u00dfvaters Hanns Fischer und des Weiteren f\u00fcr den geschichtlichen Hintergrund des Wirkens meines Gro\u00dfvaters Ludwig Gehre. Bei dieser Forschung verbinde ich auch Familiengeschichte mit dem Festhalten im fotographischen Moment, beides ist verg\u00e4nglich im Moment und doch nachhaltig im Sein.<\/p>\n<p style=\"text-align: justify;\"><a title=\"Art `by Ana\u00b4\" href=\"http:\/\/fischerphotos.com\/art-by-ana\">&#8220;ART by Ana&#8221; <\/a>das ist die Fotografie in einer speziellen Aufnahmetechnik &#8211; Wischtechnik &#8211; von Antje (Ana), meiner Partnerin. Ohne Nacharbeit entstehen Fotos in Aquarelloptik, die das Leben schemenhaft mystisch zeigen.<\/p>\n<p style=\"text-align: justify;\">\n<p>[:]<\/p>\n","protected":false},"excerpt":{"rendered":"<p>[:de] Geboren im sch\u00f6nen Oberbayern bin ich nun pensioniert. So kann ich nun meine gro\u00dfe Liebe mehr und mehr der Fotografie widmen, nicht unbedingt der Technik der Fotografie, sondern der Verbindung von fotografischem Ausdruck und Intuition. Ich bewege mich sehr gerne in den Bergen, an Seen, W\u00e4ldern und Wiesen oder einfach in der Natur. Oft [&hellip;]<\/p>\n","protected":false},"author":2,"featured_media":1347,"parent":0,"menu_order":0,"comment_status":"closed","ping_status":"open","template":"","meta":{"_eb_attr":"","ngg_post_thumbnail":0,"footnotes":""},"class_list":["post-1841","page","type-page","status-publish","has-post-thumbnail","hentry"],"_links":{"self":[{"href":"https:\/\/fischerphotos.com\/de\/wp-json\/wp\/v2\/pages\/1841","targetHints":{"allow":["GET"]}}],"collection":[{"href":"https:\/\/fischerphotos.com\/de\/wp-json\/wp\/v2\/pages"}],"about":[{"href":"https:\/\/fischerphotos.com\/de\/wp-json\/wp\/v2\/types\/page"}],"author":[{"embeddable":true,"href":"https:\/\/fischerphotos.com\/de\/wp-json\/wp\/v2\/users\/2"}],"replies":[{"embeddable":true,"href":"https:\/\/fischerphotos.com\/de\/wp-json\/wp\/v2\/comments?post=1841"}],"version-history":[{"count":1,"href":"https:\/\/fischerphotos.com\/de\/wp-json\/wp\/v2\/pages\/1841\/revisions"}],"predecessor-version":[{"id":3323,"href":"https:\/\/fischerphotos.com\/de\/wp-json\/wp\/v2\/pages\/1841\/revisions\/3323"}],"wp:featuredmedia":[{"embeddable":true,"href":"https:\/\/fischerphotos.com\/de\/wp-json\/wp\/v2\/media\/1347"}],"wp:attachment":[{"href":"https:\/\/fischerphotos.com\/de\/wp-json\/wp\/v2\/media?parent=1841"}],"curies":[{"name":"wp","href":"https:\/\/api.w.org\/{rel}","templated":true}]}}

<p>[:de]<img loading="lazy" decoding="async" src="http://fischerphotos.com/wp-content/uploads/2018/02/gerhardfischer-300x200.jpg" alt="" width="300" height="200" class="aligncenter size-medium wp-image-2273" srcset="https://fischerphotos.com/wp-content/uploads/2018/02/gerhardfischer-300x200.jpg 300w, https://fischerphotos.com/wp-content/uploads/2018/02/gerhardfischer-768x512.jpg 768w, https://fischerphotos.com/wp-content/uploads/2018/02/gerhardfischer-600x400.jpg 600w, https://fischerphotos.com/wp-content/uploads/2018/02/gerhardfischer.jpg 800w" sizes="auto, (max-width: 300px) 100vw, 300px" /></p>
<p style="text-align: justify;">Geboren im schönen Oberbayern bin ich nun pensioniert. So kann ich nun meine große Liebe mehr und mehr der Fotografie widmen, nicht unbedingt der Technik der Fotografie, sondern der Verbindung von fotografischem Ausdruck und Intuition.</p>
<p style="text-align: justify;">Ich bewege mich sehr gerne in den Bergen, an Seen, Wäldern und Wiesen oder einfach in der Natur. Oft packt mich auch die Reiselust in nahe wie ferne Länder, in heiße oder auch in sehr kalte Gebiete. Aber immer gilt mein fotografischer Blick dem Moment und dem versteckten, oft nicht gesehenen, oder beachteten Detail, gepaart mit Ästhetik. Dies inspirierte mich, mein Logo als „Momente des Seins“ auszudrücken.</p>
<p style="text-align: justify;">Ein großes Augenmerk gilt der Makroaufnahme in der Naturfotografie. Aber auch Portrait- und Aktfotografie, die das Naturwunder Mensch in seiner vollen Ästhetik und Schönheit darstellen, sind Inhalt meiner Arbeit. Dabei ist mein Anspruch den Menschen im Foto so &#8220;ins Licht zu setzen&#8221;, dass er/sie sich zum Lieben schön findet. Vielleicht sind Sie neugierig auf sich &#8211; und trauen sich &#8211; &#8230;</p>
<p style="text-align: justify;">Darüber hinaus bin ich auf den Spuren meiner Familiengeschichte. So interessiere ich mich einerseits für die Fortführung der Naturwissenschaften und der Schriftstellerei meines Großvaters Hanns Fischer und des Weiteren für den geschichtlichen Hintergrund des Wirkens meines Großvaters Ludwig Gehre. Bei dieser Forschung verbinde ich auch Familiengeschichte mit dem Festhalten im fotografischen Moment, beides ist vergänglich im Moment und doch nachhaltig im Sein.</p>
<p>[:en]</p>
<p style="text-align: justify;">Geboren im schönen Oberbayern bin ich seit 2009 pensioniert. So kann ich nun meine große Liebe mehr und mehr der Fotografie widmen, nicht unbedingt der Technik der Fotografie, sondern der Verbindung von fotografischem Ausdruck und Intuition.</p>
<p style="text-align: justify;">Ich bewege mich sehr gerne in den Bergen, an Seen, Wäldern und Wiesen oder einfach in der Natur. Oft packt mich auch die Reiselust in nahe wie ferne Länder, in heiße oder auch in sehr kalte Gebiete. Aber immer gilt mein fotografischer Blick dem Moment und dem versteckten, oft nicht gesehenen, oder beachteten Detail, gepaart mit Ästhetik. Dies inspirierte mich, mein Logo als „Momente des Seins“ auszudrücken.</p>
<p style="text-align: justify;">Ein großes Augenmerk gilt der Makroaufnahme in der Naturfotografie. Aber auch Portrait- und Aktfotografie, die das Naturwunder Mensch in seiner vollen Ästhetik und Schönheit darstellen, sind Inhalt meiner Arbeit. Dabei ist mein Anspruch den Menschen im Foto so &#8220;ins Licht zu setzen&#8221;, dass er/sie sich zum Lieben schön findet. Vielleicht sind Sie neugierig auf sich &#8211; und trauen sich &#8211; &#8230;</p>
<p style="text-align: justify;">Darüber hinaus bin ich auf den Spuren meiner Familiengeschichte. So interessiere ich mich einerseits für die Fortführung der Naturwissenschaften und der Schriftstellerei meines Großvaters Hanns Fischer und des Weiteren für den geschichtlichen Hintergrund des Wirkens meines Großvaters Ludwig Gehre. Bei dieser Forschung verbinde ich auch Familiengeschichte mit dem Festhalten im fotographischen Moment, beides ist vergänglich im Moment und doch nachhaltig im Sein.</p>
<p style="text-align: justify;"><a title="Art `by Ana´" href="http://fischerphotos.com/art-by-ana">&#8220;ART by Ana&#8221; </a>das ist die Fotografie in einer speziellen Aufnahmetechnik &#8211; Wischtechnik &#8211; von Antje (Ana), meiner Partnerin. Ohne Nacharbeit entstehen Fotos in Aquarelloptik, die das Leben schemenhaft mystisch zeigen.</p>
<p style="text-align: justify;">
<p>[:]</p>

<p>[:de] Geboren im schönen Oberbayern bin ich nun pensioniert. So kann ich nun meine große Liebe mehr und mehr der Fotografie widmen, nicht unbedingt der Technik der Fotografie, sondern der Verbindung von fotografischem Ausdruck und Intuition. Ich bewege mich sehr gerne in den Bergen, an Seen, Wäldern und Wiesen oder einfach in der Natur. Oft [&hellip;]</p>
